[INFO] cloning repository https://github.com/MarkTiedemann/deno_fastlist
[INFO] running `Command { std: "git" "-c" "credential.helper=" "-c" "credential.helper=/workspace/cargo-home/bin/git-credential-null" "clone" "--bare" "https://github.com/MarkTiedemann/deno_fastlist" "/workspace/cache/git-repos/https%3A%2F%2Fgithub.com%2FMarkTiedemann%2Fdeno_fastlist", kill_on_drop: false }`
[INFO] [stderr] Cloning into bare repository '/workspace/cache/git-repos/https%3A%2F%2Fgithub.com%2FMarkTiedemann%2Fdeno_fastlist'...
[INFO] running `Command { std: "git" "rev-parse" "HEAD", kill_on_drop: false }`
[INFO] [stdout] 9685636f4d236a582e656f06cfe16fb59a292a55
[INFO] checking MarkTiedemann/deno_fastlist against try#72f88fc4e9458f89516a0b8b0868f3718aec5b47 for pr-74989
[INFO] running `Command { std: "git" "clone" "/workspace/cache/git-repos/https%3A%2F%2Fgithub.com%2FMarkTiedemann%2Fdeno_fastlist" "/workspace/builds/worker-6/source", kill_on_drop: false }`
[INFO] [stderr] Cloning into '/workspace/builds/worker-6/source'...
[INFO] [stderr] done.
[INFO] validating manifest of git repo https://github.com/MarkTiedemann/deno_fastlist on toolchain 72f88fc4e9458f89516a0b8b0868f3718aec5b47
[INFO] running `Command { std: "/workspace/cargo-home/bin/cargo" "+72f88fc4e9458f89516a0b8b0868f3718aec5b47" "read-manifest" "--manifest-path" "Cargo.toml", kill_on_drop: false }`
[INFO] started tweaking git repo https://github.com/MarkTiedemann/deno_fastlist
[INFO] finished tweaking git repo https://github.com/MarkTiedemann/deno_fastlist
[INFO] tweaked toml for git repo https://github.com/MarkTiedemann/deno_fastlist written to /workspace/builds/worker-6/source/Cargo.toml
[INFO] crate git repo https://github.com/MarkTiedemann/deno_fastlist already has a lockfile, it will not be regenerated
[INFO] running `Command { std: "/workspace/cargo-home/bin/cargo" "+72f88fc4e9458f89516a0b8b0868f3718aec5b47" "fetch" "--locked" "--manifest-path" "Cargo.toml", kill_on_drop: false }`
[INFO] [stderr]  Downloading crates ...
[INFO] [stderr]   Downloaded cargo_gn v0.0.15
[INFO] [stderr]   Downloaded deno_core v0.45.1
[INFO] [stderr]   Downloaded rusty_v8 v0.4.2
[INFO] running `Command { std: "docker" "create" "-v" "/var/lib/crater-agent-workspace/builds/worker-6/target:/opt/rustwide/target:rw,Z" "-v" "/var/lib/crater-agent-workspace/builds/worker-6/source:/opt/rustwide/workdir:ro,Z" "-v" "/var/lib/crater-agent-workspace/cargo-home:/opt/rustwide/cargo-home:ro,Z" "-v" "/var/lib/crater-agent-workspace/rustup-home:/opt/rustwide/rustup-home:ro,Z" "-e" "SOURCE_DIR=/opt/rustwide/workdir" "-e" "CARGO_TARGET_DIR=/opt/rustwide/target" "-e" "CARGO_HOME=/opt/rustwide/cargo-home" "-e" "RUSTUP_HOME=/opt/rustwide/rustup-home" "-w" "/opt/rustwide/workdir" "-m" "1610612736" "--user" "0:0" "--network" "none" "rustops/crates-build-env@sha256:d92eaeed33fa75130ca1ee6c8a01d1ffb62bac859dfdfb3450e3e5d1c0146529" "/opt/rustwide/cargo-home/bin/cargo" "+72f88fc4e9458f89516a0b8b0868f3718aec5b47" "metadata" "--no-deps" "--format-version=1", kill_on_drop: false }`
[INFO] [stdout] 877e88ea3e8c5158242baad7fd038a7c6d598ab52e958f78f366a17083b08b5b
[INFO] [stderr] WARNING: Your kernel does not support swap limit capabilities or the cgroup is not mounted. Memory limited without swap.
[INFO] running `Command { std: "docker" "start" "-a" "877e88ea3e8c5158242baad7fd038a7c6d598ab52e958f78f366a17083b08b5b", kill_on_drop: false }`
[INFO] running `Command { std: "docker" "inspect" "877e88ea3e8c5158242baad7fd038a7c6d598ab52e958f78f366a17083b08b5b", kill_on_drop: false }`
[INFO] running `Command { std: "docker" "rm" "-f" "877e88ea3e8c5158242baad7fd038a7c6d598ab52e958f78f366a17083b08b5b", kill_on_drop: false }`
[INFO] [stdout] 877e88ea3e8c5158242baad7fd038a7c6d598ab52e958f78f366a17083b08b5b
[INFO] running `Command { std: "docker" "create" "-v" "/var/lib/crater-agent-workspace/builds/worker-6/target:/opt/rustwide/target:rw,Z" "-v" "/var/lib/crater-agent-workspace/builds/worker-6/source:/opt/rustwide/workdir:ro,Z" "-v" "/var/lib/crater-agent-workspace/cargo-home:/opt/rustwide/cargo-home:ro,Z" "-v" "/var/lib/crater-agent-workspace/rustup-home:/opt/rustwide/rustup-home:ro,Z" "-e" "SOURCE_DIR=/opt/rustwide/workdir" "-e" "CARGO_TARGET_DIR=/opt/rustwide/target" "-e" "CARGO_INCREMENTAL=0" "-e" "RUST_BACKTRACE=full" "-e" "RUSTFLAGS=--cap-lints=forbid" "-e" "CARGO_HOME=/opt/rustwide/cargo-home" "-e" "RUSTUP_HOME=/opt/rustwide/rustup-home" "-w" "/opt/rustwide/workdir" "-m" "1610612736" "--user" "0:0" "--network" "none" "rustops/crates-build-env@sha256:d92eaeed33fa75130ca1ee6c8a01d1ffb62bac859dfdfb3450e3e5d1c0146529" "/opt/rustwide/cargo-home/bin/cargo" "+72f88fc4e9458f89516a0b8b0868f3718aec5b47" "check" "--frozen" "--all" "--all-targets" "--message-format=json", kill_on_drop: false }`
[INFO] [stdout] 56b7fc011b0e17315e8596b0bc7e3044d8300e8cca8ca340fa586e33d2cb0793
[INFO] [stderr] WARNING: Your kernel does not support swap limit capabilities or the cgroup is not mounted. Memory limited without swap.
[INFO] running `Command { std: "docker" "start" "-a" "56b7fc011b0e17315e8596b0bc7e3044d8300e8cca8ca340fa586e33d2cb0793", kill_on_drop: false }`
[INFO] [stderr]     Blocking waiting for file lock on package cache
[INFO] [stderr]    Compiling proc-macro2 v1.0.13
[INFO] [stderr]    Compiling unicode-xid v0.2.0
[INFO] [stderr]    Compiling gimli v0.21.0
[INFO] [stderr]    Compiling object v0.19.0
[INFO] [stderr]    Compiling cfg-if v0.1.10
[INFO] [stderr]    Compiling rustc-demangle v0.1.16
[INFO] [stderr]    Compiling memchr v2.3.3
[INFO] [stderr]    Compiling proc-macro-nested v0.1.4
[INFO] [stderr]     Checking futures-sink v0.3.5
[INFO] [stderr]     Checking once_cell v1.4.0
[INFO] [stderr]     Checking futures-core v0.3.5
[INFO] [stderr]    Compiling proc-macro-hack v0.5.15
[INFO] [stderr]     Checking smallvec v1.4.0
[INFO] [stderr]    Compiling bitflags v1.2.1
[INFO] [stderr]    Compiling ryu v1.0.4
[INFO] [stderr]     Checking futures v0.1.29
[INFO] [stderr]     Checking matches v0.1.8
[INFO] [stderr]     Checking slab v0.4.2
[INFO] [stderr]    Compiling cargo_gn v0.0.15
[INFO] [stderr]    Compiling serde v1.0.110
[INFO] [stderr]    Compiling log v0.4.8
[INFO] [stderr]     Checking itoa v0.4.5
[INFO] [stderr]     Checking percent-encoding v2.1.0
[INFO] [stderr]    Compiling winapi v0.3.8
[INFO] [stderr]     Checking lazy_static v1.4.0
[INFO] [stderr]     Checking downcast-rs v1.1.1
[INFO] [stderr]     Checking futures-task v0.3.5
[INFO] [stderr]     Checking futures-channel v0.3.5
[INFO] [stderr]     Checking unicode-bidi v0.3.4
[INFO] [stderr]     Checking unicode-normalization v0.1.12
[INFO] [stderr]    Compiling quote v1.0.6
[INFO] [stderr]    Compiling syn v1.0.23
[INFO] [stderr]     Checking idna v0.2.0
[INFO] [stderr]     Checking url v2.1.1
[INFO] [stderr]    Compiling addr2line v0.12.1
[INFO] [stderr]    Compiling backtrace v0.3.48
[INFO] [stderr]    Compiling failure v0.1.8
[INFO] [stderr]    Compiling which v3.1.1
[INFO] [stderr]    Compiling rusty_v8 v0.4.2
[INFO] [stderr]     Checking serde_json v1.0.53
[INFO] [stderr]    Compiling pin-project-internal v0.4.17
[INFO] [stderr]    Compiling futures-macro v0.3.5
[INFO] [stderr]     Checking pin-project v0.4.17
[INFO] [stderr]     Checking futures-util v0.3.5
[INFO] [stderr]     Checking futures-executor v0.3.5
[INFO] [stderr]     Checking futures v0.3.5
[INFO] [stderr]     Checking deno_core v0.45.1
[INFO] [stderr]     Checking fastlist v0.3.0 (/opt/rustwide/workdir)
[INFO] [stdout] error[E0433]: failed to resolve: could not find `shared` in `winapi`
[INFO] [stdout]  --> src/lib.rs:7:13
[INFO] [stdout]   |
[INFO] [stdout] 7 | use winapi::shared::minwindef::FALSE;
[INFO] [stdout]   |             ^^^^^^ could not find `shared` in `winapi`
[INFO] [stdout] 
[INFO] [stdout] 
[INFO] [stdout] error[E0433]: failed to resolve: could not find `um` in `winapi`
[INFO] [stdout]  --> src/lib.rs:8:13
[INFO] [stdout]   |
[INFO] [stdout] 8 | use winapi::um::handleapi::{CloseHandle, INVALID_HANDLE_VALUE};
[INFO] [stdout]   |             ^^ could not find `um` in `winapi`
[INFO] [stdout] 
[INFO] [stdout] 
[INFO] [stdout] error[E0433]: failed to resolve: could not find `um` in `winapi`
[INFO] [stdout]  --> src/lib.rs:9:13
[INFO] [stdout]   |
[INFO] [stdout] 9 | use winapi::um::tlhelp32::{
[INFO] [stdout]   |             ^^ could not find `um` in `winapi`
[INFO] [stdout] 
[INFO] [stdout] 
[INFO] [stdout] error[E0425]: cannot find function, tuple struct or tuple variant `CreateToolhelp32Snapshot` in this scope
[INFO] [stdout]   --> src/lib.rs:25:16
[INFO] [stdout]    |
[INFO] [stdout] 25 |     let snap = CreateToolhelp32Snapshot(TH32CS_SNAPPROCESS, 0);
[INFO] [stdout]    |                ^^^^^^^^^^^^^^^^^^^^^^^^ not found in this scope
[INFO] [stdout] 
[INFO] [stdout] 
[INFO] [stdout] error[E0425]: cannot find value `TH32CS_SNAPPROCESS` in this scope
[INFO] [stdout]   --> src/lib.rs:25:41
[INFO] [stdout]    |
[INFO] [stdout] 25 |     let snap = CreateToolhelp32Snapshot(TH32CS_SNAPPROCESS, 0);
[INFO] [stdout]    |                                         ^^^^^^^^^^^^^^^^^^ not found in this scope
[INFO] [stdout] 
[INFO] [stdout] 
[INFO] [stdout] error[E0425]: cannot find value `INVALID_HANDLE_VALUE` in this scope
[INFO] [stdout]   --> src/lib.rs:26:16
[INFO] [stdout]    |
[INFO] [stdout] 26 |     if snap == INVALID_HANDLE_VALUE {
[INFO] [stdout]    |                ^^^^^^^^^^^^^^^^^^^^ not found in this scope
[INFO] [stdout] 
[INFO] [stdout] 
[INFO] [stdout] error[E0422]: cannot find struct, variant or union type `PROCESSENTRY32` in this scope
[INFO] [stdout]   --> src/lib.rs:30:21
[INFO] [stdout]    |
[INFO] [stdout] 30 |     let mut entry = PROCESSENTRY32 {
[INFO] [stdout]    |                     ^^^^^^^^^^^^^^ not found in this scope
[INFO] [stdout] 
[INFO] [stdout] 
[INFO] [stdout] error[E0412]: cannot find type `PROCESSENTRY32` in this scope
[INFO] [stdout]   --> src/lib.rs:31:25
[INFO] [stdout]    |
[INFO] [stdout] 18 | fn op_test_async(
[INFO] [stdout]    |                 - help: you might be missing a type parameter: `<PROCESSENTRY32>`
[INFO] [stdout] ...
[INFO] [stdout] 31 |       dwSize: size_of::<PROCESSENTRY32>() as u32,
[INFO] [stdout]    |                         ^^^^^^^^^^^^^^ not found in this scope
[INFO] [stdout] 
[INFO] [stdout] 
[INFO] [stdout] error[E0425]: cannot find function, tuple struct or tuple variant `Process32First` in this scope
[INFO] [stdout]   --> src/lib.rs:42:8
[INFO] [stdout]    |
[INFO] [stdout] 42 |     if Process32First(snap, &mut entry) == FALSE {
[INFO] [stdout]    |        ^^^^^^^^^^^^^^ not found in this scope
[INFO] [stdout] 
[INFO] [stdout] 
[INFO] [stdout] error[E0425]: cannot find value `FALSE` in this scope
[INFO] [stdout]   --> src/lib.rs:42:44
[INFO] [stdout]    |
[INFO] [stdout] 42 |     if Process32First(snap, &mut entry) == FALSE {
[INFO] [stdout]    |                                            ^^^^^ not found in this scope
[INFO] [stdout] 
[INFO] [stdout] 
[INFO] [stdout] error[E0425]: cannot find function, tuple struct or tuple variant `CloseHandle` in this scope
[INFO] [stdout]   --> src/lib.rs:43:7
[INFO] [stdout]    |
[INFO] [stdout] 43 |       CloseHandle(snap);
[INFO] [stdout]    |       ^^^^^^^^^^^ not found in this scope
[INFO] [stdout] 
[INFO] [stdout] 
[INFO] [stdout] error[E0425]: cannot find function, tuple struct or tuple variant `Process32Next` in this scope
[INFO] [stdout]   --> src/lib.rs:57:10
[INFO] [stdout]    |
[INFO] [stdout] 57 |       if Process32Next(snap, &mut entry) == FALSE {
[INFO] [stdout]    |          ^^^^^^^^^^^^^ not found in this scope
[INFO] [stdout] 
[INFO] [stdout] 
[INFO] [stdout] error[E0425]: cannot find value `FALSE` in this scope
[INFO] [stdout]   --> src/lib.rs:57:45
[INFO] [stdout]    |
[INFO] [stdout] 57 |       if Process32Next(snap, &mut entry) == FALSE {
[INFO] [stdout]    |                                             ^^^^^ not found in this scope
[INFO] [stdout] 
[INFO] [stdout] 
[INFO] [stdout] error[E0425]: cannot find function, tuple struct or tuple variant `CloseHandle` in this scope
[INFO] [stdout]   --> src/lib.rs:61:5
[INFO] [stdout]    |
[INFO] [stdout] 61 |     CloseHandle(snap);
[INFO] [stdout]    |     ^^^^^^^^^^^ not found in this scope
[INFO] [stdout] 
[INFO] [stdout] 
[INFO] [stdout] error: aborting due to 14 previous errors
[INFO] [stdout] 
[INFO] [stdout] 
[INFO] [stdout] Some errors have detailed explanations: E0412, E0422, E0425, E0433.
[INFO] [stdout] 
[INFO] [stdout] For more information about an error, try `rustc --explain E0412`.
[INFO] [stdout] 
[INFO] [stdout] error[E0433]: failed to resolve: could not find `shared` in `winapi`
[INFO] [stdout]  --> src/lib.rs:7:13
[INFO] [stdout]   |
[INFO] [stdout] 7 | use winapi::shared::minwindef::FALSE;
[INFO] [stdout]   |             ^^^^^^ could not find `shared` in `winapi`
[INFO] [stdout] 
[INFO] [stdout] 
[INFO] [stdout] error[E0433]: failed to resolve: could not find `um` in `winapi`
[INFO] [stdout]  --> src/lib.rs:8:13
[INFO] [stdout]   |
[INFO] [stdout] 8 | use winapi::um::handleapi::{CloseHandle, INVALID_HANDLE_VALUE};
[INFO] [stdout]   |             ^^ could not find `um` in `winapi`
[INFO] [stdout] 
[INFO] [stdout] 
[INFO] [stdout] error[E0433]: failed to resolve: could not find `um` in `winapi`
[INFO] [stdout]  --> src/lib.rs:9:13
[INFO] [stdout]   |
[INFO] [stdout] 9 | use winapi::um::tlhelp32::{
[INFO] [stdout]   |             ^^ could not find `um` in `winapi`
[INFO] [stdout] 
[INFO] [stdout] 
[INFO] [stderr] error: could not compile `fastlist`.
[INFO] [stderr] 
[INFO] [stderr] To learn more, run the command again with --verbose.
[INFO] [stderr] warning: build failed, waiting for other jobs to finish...
[INFO] [stdout] error[E0425]: cannot find function, tuple struct or tuple variant `CreateToolhelp32Snapshot` in this scope
[INFO] [stdout]   --> src/lib.rs:25:16
[INFO] [stdout]    |
[INFO] [stdout] 25 |     let snap = CreateToolhelp32Snapshot(TH32CS_SNAPPROCESS, 0);
[INFO] [stdout]    |                ^^^^^^^^^^^^^^^^^^^^^^^^ not found in this scope
[INFO] [stdout] 
[INFO] [stdout] 
[INFO] [stdout] error[E0425]: cannot find value `TH32CS_SNAPPROCESS` in this scope
[INFO] [stdout]   --> src/lib.rs:25:41
[INFO] [stdout]    |
[INFO] [stdout] 25 |     let snap = CreateToolhelp32Snapshot(TH32CS_SNAPPROCESS, 0);
[INFO] [stdout]    |                                         ^^^^^^^^^^^^^^^^^^ not found in this scope
[INFO] [stdout] 
[INFO] [stdout] 
[INFO] [stdout] error[E0425]: cannot find value `INVALID_HANDLE_VALUE` in this scope
[INFO] [stdout]   --> src/lib.rs:26:16
[INFO] [stdout]    |
[INFO] [stdout] 26 |     if snap == INVALID_HANDLE_VALUE {
[INFO] [stdout]    |                ^^^^^^^^^^^^^^^^^^^^ not found in this scope
[INFO] [stdout] 
[INFO] [stdout] 
[INFO] [stdout] error[E0422]: cannot find struct, variant or union type `PROCESSENTRY32` in this scope
[INFO] [stdout]   --> src/lib.rs:30:21
[INFO] [stdout]    |
[INFO] [stdout] 30 |     let mut entry = PROCESSENTRY32 {
[INFO] [stdout]    |                     ^^^^^^^^^^^^^^ not found in this scope
[INFO] [stdout] 
[INFO] [stdout] 
[INFO] [stdout] error[E0412]: cannot find type `PROCESSENTRY32` in this scope
[INFO] [stdout]   --> src/lib.rs:31:25
[INFO] [stdout]    |
[INFO] [stdout] 18 | fn op_test_async(
[INFO] [stdout]    |                 - help: you might be missing a type parameter: `<PROCESSENTRY32>`
[INFO] [stdout] ...
[INFO] [stdout] 31 |       dwSize: size_of::<PROCESSENTRY32>() as u32,
[INFO] [stdout]    |                         ^^^^^^^^^^^^^^ not found in this scope
[INFO] [stdout] 
[INFO] [stdout] 
[INFO] [stdout] error[E0425]: cannot find function, tuple struct or tuple variant `Process32First` in this scope
[INFO] [stdout]   --> src/lib.rs:42:8
[INFO] [stdout]    |
[INFO] [stdout] 42 |     if Process32First(snap, &mut entry) == FALSE {
[INFO] [stdout]    |        ^^^^^^^^^^^^^^ not found in this scope
[INFO] [stdout] 
[INFO] [stdout] 
[INFO] [stdout] error[E0425]: cannot find value `FALSE` in this scope
[INFO] [stdout]   --> src/lib.rs:42:44
[INFO] [stdout]    |
[INFO] [stdout] 42 |     if Process32First(snap, &mut entry) == FALSE {
[INFO] [stdout]    |                                            ^^^^^ not found in this scope
[INFO] [stdout] 
[INFO] [stdout] 
[INFO] [stdout] error[E0425]: cannot find function, tuple struct or tuple variant `CloseHandle` in this scope
[INFO] [stdout]   --> src/lib.rs:43:7
[INFO] [stdout]    |
[INFO] [stdout] 43 |       CloseHandle(snap);
[INFO] [stdout]    |       ^^^^^^^^^^^ not found in this scope
[INFO] [stdout] 
[INFO] [stdout] 
[INFO] [stdout] error[E0425]: cannot find function, tuple struct or tuple variant `Process32Next` in this scope
[INFO] [stdout]   --> src/lib.rs:57:10
[INFO] [stdout]    |
[INFO] [stdout] 57 |       if Process32Next(snap, &mut entry) == FALSE {
[INFO] [stdout]    |          ^^^^^^^^^^^^^ not found in this scope
[INFO] [stdout] 
[INFO] [stdout] 
[INFO] [stdout] error[E0425]: cannot find value `FALSE` in this scope
[INFO] [stdout]   --> src/lib.rs:57:45
[INFO] [stdout]    |
[INFO] [stdout] 57 |       if Process32Next(snap, &mut entry) == FALSE {
[INFO] [stdout]    |                                             ^^^^^ not found in this scope
[INFO] [stdout] 
[INFO] [stdout] 
[INFO] [stdout] error[E0425]: cannot find function, tuple struct or tuple variant `CloseHandle` in this scope
[INFO] [stdout]   --> src/lib.rs:61:5
[INFO] [stdout]    |
[INFO] [stdout] 61 |     CloseHandle(snap);
[INFO] [stdout]    |     ^^^^^^^^^^^ not found in this scope
[INFO] [stdout] 
[INFO] [stdout] 
[INFO] [stdout] error: aborting due to 14 previous errors
[INFO] [stdout] 
[INFO] [stdout] 
[INFO] [stdout] Some errors have detailed explanations: E0412, E0422, E0425, E0433.
[INFO] [stdout] 
[INFO] [stdout] For more information about an error, try `rustc --explain E0412`.
[INFO] [stdout] 
[INFO] [stderr] error: build failed
[INFO] running `Command { std: "docker" "inspect" "56b7fc011b0e17315e8596b0bc7e3044d8300e8cca8ca340fa586e33d2cb0793", kill_on_drop: false }`
[INFO] running `Command { std: "docker" "rm" "-f" "56b7fc011b0e17315e8596b0bc7e3044d8300e8cca8ca340fa586e33d2cb0793", kill_on_drop: false }`
[INFO] [stdout] 56b7fc011b0e17315e8596b0bc7e3044d8300e8cca8ca340fa586e33d2cb0793
